me factors of a?
2, 13
List the prime factors of (-576)/(-1) - (5 - -2).
569
Let f(p) = p**3 - 5*p**2 - 5*p - 11. Let o be f(6). Let q be (o - 0)*(-32)/80. Suppose -q*m = -6*m + 8. List the prime factors of m.
2
Let n = 66 + -62. Let h(g) = 3*g**3 - 6*g**2 - 8*g + 10. List the prime factors of h(n).
2, 37
Let a = 6 + -9. Let k be 6*(9/2 + a). Suppose k*y = 7*y + 34. List the prime factors of y.
17
Let w(s) = s**3 - 3*s**2 + 863. What are the prime factors of w(0)?
863
Suppose o - c + 2*c = 0, -2*o + 2*c = -20. Let j = 7 - o. Suppose 4*d + 22 = a, j*a - d = -3*d - 6. What are the prime factors of a?
2
Let q(z) = z**3 - 6*z**2 - z + 4. Let r be q(7). Let y be r/8 - (-7)/28. Suppose 2*a = -2*m + 94, -3*a + y*a = m - 35. List the prime factors of m.
2, 11
Suppose -34*w = 3*w - 2220. What are the prime factors of w?
2, 3, 5
Suppose 18*r - 15*r = 2*q - 1618, 0 = -4*q - 3*r + 3236. What are the prime factors of q?
809
Suppose -m = m + 24. Let h be -35 + -3*m/(-9). Let a = 78 + h. List the prime factors of a.
3, 13
Suppose 25 = 4*g + g. Suppose -2*v + 2*d = -204, 31 = 3*v - g*d - 267. What are the prime factors of v?
2, 53
Let g(i) = 35*i - 35. Let q(y) = 5*y - 5. Let h(t) = 2*g(t) - 15*q(t). Let m be -4 + (-5)/((-5)/2). What are the prime factors of h(m)?
3, 5
Let b(g) = 21*g - 42. Let m be b(-11). What are the prime factors of m/(-12)*8/2?
7, 13
Let l(k) = -86*k + 782. What are the prime factors of l(-39)?
2, 11, 47
Let g be 301 - (3 + 0 - 3). Suppose 2*r + g = x, 2*r + 81 = 4*x - 1117. What are the prime factors of x?
13, 23
Let w(j) = -j**3 - 9. Let i be w(0). Let c(k) = -4*k - 6. Let q be c(i). Suppose q = -0*v + 2*v. What are the prime factors of v?
3, 5
Suppose -3*u + 4*u - 355 = 4*m, -u + 265 = -3*m. List the prime factors of (-1)/(m/(-46) + -2).
23
Suppose 23 = 2*q + 9. Let r be 7 + q + -4 - 0. Suppose -5*o - 4*x + 19 = -6, 2*x + r = 0. List the prime factors of o.
3
Let d = 3 - 1. Suppose 17 = 3*t + 3*v - 4, 3*t - 26 = -d*v. Suppose 2*y + 2*y = t. List the prime factors of y.
3
Let w(d) = 8 - 1 - 6. Let o(x) = 7*x + 7. Let m(h) = -o(h) + 5*w(h). List the prime factors of m(-2).
2, 3
Suppose 55350 = 23*t + 2*t. List the prime factors of t.
2, 3, 41
Let s(n) = -n - 26. Let y be s(-8). Let x be 87/2*(-24)/y. Suppose x = f + f. List the prime factors of f.
29
Suppose 0 = -p + 2*p + 2*w - 230, -4*p = -w - 875. What are the prime factors of p?
2, 5, 11
Suppose 93*l + 15*l - 38988 = 0. What are the prime factors of l?
19
Let w(m) be the second derivative of -2*m**3 + 19*m**2/2 - 31*m. List the prime factors of w(-12).
163
Let d(g) = 46*g + 133. List the prime factors of d(10).
593
Let c = 12 - 9. Suppose -4*o = -c*y + 2*y + 4, 2*y - 4*o - 28 = 0. List the prime factors of y.
2, 3
Let n = 44 + -64. Let x = n - -24. What are the prime factors of x?
2
Let g(y) = 12*y + 4. Let m be g(2). Let s be (-2236)/(-14) - (-8)/m. Suppose 2*r - s = -3*r. List the prime factors of r.
2
Suppose 5*c - 23*c = -15714. What are the prime factors of c?
3, 97
Suppose 0 = -3*y - 3*j + 90 + 174, -4*j = -3*y + 292. List the prime factors of (y*1 + 2)*(-2)/(-4).
47
Let a = -74 + 78. Suppose a*b = 3*p + 172, -2*b + 54 = -b + 2*p. List the prime factors of b.
2, 23
Suppose 2*p - 588 = 56. Let k = 529 - p. What are the prime factors of k?
3, 23
Let m(p) = -p**2 - 12*p + 30. Let f(c) = -4*c**2 - 3*c. Let j be f(-2). What are the prime factors of m(j)?
2, 5
Let b = 313 - 42. What are the prime factors of b?
271
Let o(a) = -3*a**3 + 23*a**2 + 19*a + 35. Let n(d) = -4*d**3 + 34*d**2 + 29*d + 52. Let h(x) = 5*n(x) - 7*o(x). What are the prime factors of h(-7)?
29
Suppose v - 5 = -0, t + 4*v - 1120 = 0. List the prime factors of t.
2, 5, 11
Let t be 2/(4 - (-1)/(291/(-1166))). Let f = t + 489. List the prime factors of f.
2, 3, 11
Let a = 3 + -3. Let o be 2 - (a/(-3))/(-1). Suppose -4*d + 8*d - o*q - 20 = 0, 0 = q. List the prime factors of d.
5
Suppose -5*k - 76 = -4*u - 0*k, 4*u - 4*k - 72 = 0. What are the prime factors of (1 + u/3)*6?
2, 17
Suppose 3*j - 27 = 2*j + u, j - 15 = -5*u. What are the prime factors of j?
5
Let y = -17 - -31. Let g = 24 - y. List the prime factors of (g/15)/((-2)/(-78)).
2, 13
Let r = 169 + -352. Let m = -79 - r. What are the prime factors of m?
2, 13
Suppose 2*y - 3*y + 211 = -5*d, -3*y = d - 585. Suppose y = -8*x + x. Let l = x - -82. List the prime factors of l.
2, 3
Let p = 15 + -15. Suppose -9*w + 5*w + 384 = p. List the prime factors of w.
2, 3
Let q(u) = -5*u + 234. What are the prime factors of q(-13)?
13, 23
Let k be (3/((-3)/4))/1. Let r be (2/(-7))/(k/28). Suppose 76 = 4*w + 2*a, -r*a = 2*w + 3*a - 38. List the prime factors of w.
19
What are the prime factors of 5/6 + (-4013)/(-18)*15?
3, 5, 223
Let l(b) = 3*b + 0 + 1 - 8. Let a be l(3). Suppose 0 = a*t + t - 153. List the prime factors of t.
3, 17
Let f(b) = -b**3 - 3*b**2 + 2. Suppose 4*y = -21 + 9. Let q be f(y). Suppose 0 = -2*u - q*d + 36, 3*u = 5*d + 18 - 4. What are the prime factors of u?
13
Let r(i) = -i**2 - 6*i + 10. Suppose -4*g = z + 22, -g + z = -4*g - 16. Let m be r(g). List the prime factors of 9/(-15) + 646/m.
2
Let r(h) be the first derivative of 15 + h**2 + 17*h - 13 - 11. List the prime factors of r(10).
37
Let p be (3 - 2)/(4/384). Suppose 5*v + 2*k = -p + 258, -5*v + 2*k = -178. List the prime factors of v.
2, 17
Suppose w + 11*a - 16*a = 1655, 0 = 2*a - 2. List the prime factors of w.
2, 5, 83
Suppose -38896 = -34*p + 20128. List the prime factors of p.
2, 7, 31
Let t(a) = -a**3 - 32*a**2 + 35*a + 85. List the prime factors of t(-34).
17, 71
Let h = -7 + 9. Suppose -7*o = -3*o - 384. Suppose -5*g = -h*b + 42, -5*b - 3*g + 9 = -o. List the prime factors of b.
3, 7
Suppose -i + 4*p + 18 = 0, 1 = 5*i + 3*p - 20. Suppose -7*r - i*r = -2821. What are the prime factors of r?
7, 31
Let l(d) = -6*d + 11. Suppose -10 + 0 = a. Let q be l(a). Suppose 5*f + q - 206 = 0. What are the prime factors of f?
3
Suppose 5*g = -0*v + v + 1210, 5*v = -5*g + 1210. Suppose -8*u + 4*d + g = -3*u, -d = 3. What are the prime factors of u?
2, 23
Suppose 5*p = 926 - 206. Suppose 4*u - 273 = -4*m - u, -2*m = 4*u - p. What are the prime factors of m?
2, 31
Let q = -918 - -1377. List the prime factors of q.
3, 17
Let l be (-10)/(-6) - -1*1/3. Suppose 2*w = -l*w + 164. What are the prime factors of w?
41
Suppose -9*m + 297 = -6*m. Suppose 5*y + p - 330 = 0, 11 = 2*y - 4*p - m. What are the prime factors of y?
5, 13
Suppose 5*x = w - 30, -4*x - 16 - 19 = -3*w. Suppose 3*z = -2*d + 675, -w*d + 738 - 1888 = -5*z. List the prime factors of z.
227
Suppose 7*f - 6*f - 5*y = 1288, -2576 = -2*f + 4*y. List the prime factors of f.
2, 7, 23
Suppose -5*d = 142 - 622. List the prime factors of d.
2, 3
Let i(d) = d**3 - 10*d**2 + 7*d + 11. Let r(z) = z**2 - 6*z + 9. Let t be r(6). Let a be i(t). What are the prime factors of (-72)/a - 4/14?
2, 5
Suppose 0*b - 7*b = -308. Let g be -1 + 1 - (19 - -1). Let c = g + b. What are the prime factors of c?
2, 3
Let t = 18 - 11. Suppose -6*v = 1 - 7. Let o = t - v. List the prime factors of o.
2, 3
Let r(v) = 18*v - 11. Let w be r(3). Suppose -w = f + 4*c - 307, -1344 = -5*f + 4*c. Suppose -2*n = 2*n - f. What are the prime factors of n?
67
What are the prime factors of -6 - -3914 - (-1 - (-7 + 2))?
2, 61
Let x be (3/2)/(2 + 6414/(-3216)). Suppose -512 = -5*m + x. What are the prime factors of m?
2, 3, 13
Let k(f) = 2*f**3 - 16*f**2 - 4*f - 6. List the prime factors of k(9).
2, 3, 5
Suppose 42*l - 35*l = 8946. What are the prime factors of l?
2, 3, 71
What are the prime factors of 22065/27 + 16/(-72)?
19, 43
Suppose -3*t - v - 4606 = 0, 5*t + 4*v + 995 + 6670 = 0. What are the prime factors of 6/57 - t/19?
3
Let j = 815 - 552. What are the prime factors of j?
263
Let q(u) = -u**2 - 18*u - 15. Let o be q(-16). Let j(w) = w**3 - 13*w**2 - 58*w - 11. List the prime factors of j(o).
3, 53
Let v(m) = -13*m + 1. Let j = 13 - 12. Suppose 2*o - j = -5. List the prime factors of v(o).
3
Let o(b) = -21*b**2 + 17*b + 3. Let i be o(-4). List the prime factors of i/25*-5 - (-2)/(-10).
2, 5
Suppose 3*r = 5*f + 101, 0 = 7*r - 2*r - 5*f - 165. Suppose -39*j + 1932 = -r*j. List the prime factors of j.
2, 3, 23
Suppose -4*u + b + 4*b = -464, -3*b = 5*u - 580. What are the prime factors o